me factors of 23868?
2, 3, 13, 17
What are the prime factors of 451?
11, 41
What are the prime factors of 107660?
2, 5, 7, 769
What are the prime factors of 2058?
2, 3, 7
What are the prime factors of 7694?
2, 3847
What are the prime factors of 88686?
2, 3, 13, 379
List the prime factors of 66.
2, 3, 11
What are the prime factors of 274?
2, 137
What are the prime factors of 43676?
2, 61, 179
List the prime factors of 17594.
2, 19, 463
List the prime factors of 6375.
3, 5, 17
List the prime factors of 9384.
2, 3, 17, 23
List the prime factors of 1122.
2, 3, 11, 17
What are the prime factors of 62473?
62473
What are the prime factors of 3422?
2, 29, 59
List the prime factors of 2825.
5, 113
List the prime factors of 14314.
2, 17, 421
What are the prime factors of 14720?
2, 5, 23
List the prime factors of 5897.
5897
List the prime factors of 18206.
2, 9103
What are the prime factors of 4873?
11, 443
What are the prime factors of 17753?
41, 433
List the prime factors of 1782.
2, 3, 11
List the prime factors of 2715.
3, 5, 181
List the prime factors of 17876.
2, 41, 109
List the prime factors of 6066.
2, 3, 337
List the prime factors of 5680.
2, 5, 71
List the prime factors of 7907.
7907
What are the prime factors of 173?
173
What are the prime factors of 444?
2, 3, 37
What are the prime factors of 9489?
3, 3163
List the prime factors of 682.
2, 11, 31
What are the prime factors of 37431?
3, 4159
What are the prime factors of 51998?
2, 25999
List the prime factors of 930.
2, 3, 5, 31
List the prime factors of 1108.
2, 277
What are the prime factors of 26076?
2, 3, 41, 53
List the prime factors of 28495.
5, 41, 139
What are the prime factors of 10188?
2, 3, 283
List the prime factors of 61670.
2, 5, 7, 881
List the prime factors of 12750.
2, 3, 5, 17
List the prime factors of 17418.
2, 3, 2903
What are the prime factors of 1663?
1663
What are the prime factors of 4342?
2, 13, 167
What are the prime factors of 2161?
2161
What are the prime factors of 420?
2, 3, 5, 7
What are the prime factors of 10356?
2, 3, 863
List the prime factors of 4348.
2, 1087
List the prime factors of 1345.
5, 269
List the prime factors of 13068.
2, 3, 11
List the prime factors of 3398.
2, 1699
What are the prime factors of 3549?
3, 7, 13
List the prime factors of 55658.
2, 17, 1637
What are the prime factors of 886?
2, 443
List the prime factors of 3588.
2, 3, 13, 23
What are the prime factors of 7155?
3, 5, 53
What are the prime factors of 2117?
29, 73
What are the prime factors of 12791?
12791
List the prime factors of 1178.
2, 19, 31
List the prime factors of 29571.
3, 9857
What are the prime factors of 29001?
3, 7, 1381
List the prime factors of 1088.
2, 17
List the prime factors of 24329.
24329
What are the prime factors of 2423?
2423
List the prime factors of 16229.
16229
What are the prime factors of 13743?
3, 509
What are the prime factors of 11907?
3, 7
List the prime factors of 6408.
2, 3, 89
What are the prime factors of 21252?
2, 3, 7, 11, 23
List the prime factors of 50015.
5, 7, 1429
List the prime factors of 278.
2, 139
List the prime factors of 17289.
3, 17, 113
What are the prime factors of 14591?
14591
List the prime factors of 84370.
2, 5, 11, 13, 59
What are the prime factors of 199?
199
What are the prime factors of 18371?
18371
List the prime factors of 4072.
2, 509
What are the prime factors of 513?
3, 19
What are the prime factors of 761?
761
List the prime factors of 124001.
124001
List the prime factors of 40866.
2, 3, 7, 139
List the prime factors of 2862.
2, 3, 53
What are the prime factors of 7233?
3, 2411
List the prime factors of 4336.
2, 271
List the prime factors of 671.
11, 61
List the prime factors of 598.
2, 13, 23
What are the prime factors of 11422?
2, 5711
List the prime factors of 133116.
2, 3, 11093
List the prime factors of 8074.
2, 11, 367
What are the prime factors of 39?
3, 13
List the prime factors of 16798.
2, 37, 227
List the prime factors of 9203.
9203
List the prime factors of 193.
193
What are the prime factors of 2135?
5, 7, 61
List the prime factors of 99607.
99607
What are the prime factors of 105?
3, 5, 7
List the prime factors of 48542.
2, 13, 1867
What are the prime factors of 12310?
2, 5, 1231
List the prime factors of 4601.
43, 107
List the prime factors of 2284.
2, 571
List the prime factors of 2790.
2, 3, 5, 31
What are the prime factors of 41246?
2, 41, 503
List the prime factors of 390.
2, 3, 5, 13
List the prime factors of 4622.
2, 2311
List the prime factors of 41547.
3, 11, 1259
What are the prime factors of 1309?
7, 11, 17
What are the prime factors of 20630?
2, 5, 2063
What are the prime factors of 5297?
5297
What are the prime factors of 4833?
3, 179
What are the prime factors of 9985?
5, 1997
What are the prime factors of 1020?
2, 3, 5, 17
What are the prime factors of 25324?
2, 13, 487
What are the prime factors of 444?
2, 3, 37
What are the prime factors of 19271?
7, 2753
List the prime factors of 14654.
2, 17, 431
List the prime factors of 6491.
6491
List the prime factors of 18697.
7, 2671
What are the prime factors of 658?
2, 7, 47
List the prime factors of 1017.
3, 113
List the prime factors of 5881.
5881
List the prime factors of 2199.
3, 733
List the prime factors of 230.
2, 5, 23
What are the prime factors of 5958?
2, 3, 331
List the prime factors of 43251.
3, 13, 1109
List the prime factors of 346.
2, 173
What are the prime factors of 29508?
2, 3, 2459
What are the prime factors of 652?
2, 163
List the prime factors of 35.
5, 7
List the prime factors of 167956.
2, 199, 211
List the prime factors of 48081.
3, 11, 31, 47
What are the prime factors of 1955?
5, 17, 23
List the prime factors of 8480.
2, 5, 53
What are the prime factors of 2709?
3, 7, 43
What are the prime factors of 6410?
2, 5, 641
What are the prime factors of 39325?
5, 11, 13
List the prime factors of 2002.
2, 7, 11, 13
What are the prime factors of 11509?
17, 677
What are the prime factors of 1751?
17, 103
List the prime factors of 8466.
2, 3, 17, 83
List the prime factors of 5481.
3, 7, 29
What are the prime factors of 66862?
2, 101, 331
What are the prime factors of 10351?
11, 941
What are the prime factors of 72707?
72707
What are the prime factors of 8651?
41, 211
What are the prime factors of 53961?
3, 17987
What are the prime factors of 4173?
3, 13, 107
What are the prime factors of 131?
131
List the prime factors of 21740.
2, 5, 1087
List the prime factors of 19744.
2, 617
What are the prime factors of 1111?
11, 101
What are the prime factors of 1336?
2, 167
List the prime factors of 8778.
2, 3, 7, 11, 19
List the prime factors of 1226.
2, 613
What are the prime factors of 3709?
3709
What are the prime factors of 23851?
17, 23, 61
List the prime factors of 707.
7, 101
List the prime factors of 20662.
2, 10331
List the prime factors of 2989.
7, 61
What are the prime factors of 2040?
2, 3, 5, 17
What are the prime factors of 8846?
2, 4423
What are the prime factors of 49777?
7, 13, 547
List the prime factors of 30908.
2, 7727
What are the prime factors of 1520?
2, 5, 19
What are the prime factors of 389?
389
What are the prime factors of 1108?
2, 277
List the prime factors of 755.
5, 151
List the prime factors of 14396.
2, 59, 61
What are the prime factors of 14998?
2, 7499
What are the prime factors of 1337?
7, 191
List the prime factors of 6557.
79, 83
What are the prime factors of 14771?
14771
What are the prime factors of 32839?
32839
List the prime factors of 29008.
2, 7, 37
List the prime factors of 97223.
7, 17, 19, 43
List the prime factors of 2701.
37, 73
What are the prime factors of 1215?
3, 5
List the prime factors of 7086.
2, 3, 1181
List the prime factors of 2677.
2677
What are the prime factors of 834?
2, 3, 139
List the prime factors of 32988.
2, 3, 2749
List the prime factors of 13.
13
List the prime factors of 16272.
2, 3, 113
List the prime factors of 2539.
2539
What are the prime factors of 6480?
2, 3, 5
What are the prime factors of 19445?
5, 3889
What are the prime factors of 2124?
2, 3, 59
What are the prime factors of 3141?
3, 349
What are the prime factors of 28418?
2, 13, 1093
What are the prime factors of 1704?
2, 3, 71
What are the prime factors of 943?
23, 41
What are the prime factors of 675